{"id":1502,"date":"2019-08-27T10:58:26","date_gmt":"2019-08-27T08:58:26","guid":{"rendered":"https:\/\/2019.stuttgart.wordcamp.org\/?page_id=1502"},"modified":"2019-08-27T10:58:26","modified_gmt":"2019-08-27T08:58:26","slug":"badges","status":"publish","type":"page","link":"https:\/\/stuttgart.wordcamp.org\/2019\/badges\/","title":{"rendered":"Badges"},"content":{"rendered":"\n<p>Bis November ist es noch etwas Zeit, doch du kannst es kaum erwarten und m\u00f6chtest deine Vorfreude teilen?&nbsp;Mithilfe&nbsp;unserer&nbsp;Badges&nbsp;kannst du das gerne auf deiner Website oder in den sozialen Netzwerken tun!<\/p>\n\n\n\n<p>Klicke bzw. tappe auf das&nbsp;Badge, das dir gef\u00e4llt und speichere es f\u00fcr dich als PNG ab. Lade es dann einfach an den gew\u00fcnschten Ort hoch.<\/p>\n\n\n\n<p style=\"text-align:left\" class=\"en\">It will still take some time till November, but you simply can not wait till then and want to share your anticipation? You can do that with our new badges, use them on your website or on social networks!<\/p>\n\n\n\n<p class=\"en\">Just click or tab on a badge, which you like and save it for you as PNG. Upload it anywhere you want.<\/p>\n\n\n\n<ul class=\"wp-block-gallery columns-2 is-cropped wp-block-gallery-1 is-layout-flex wp-block-gallery-is-layout-flex\"><li class=\"blocks-gallery-item\"><figure><a href=\"https:\/\/2019.stuttgart.wordcamp.org\/files\/2019\/08\/wordcamp-stgt-bagde-ichbindabei72.png\"><img loading=\"lazy\" decoding=\"async\" width=\"750\" height=\"750\" src=\"https:\/\/2019.stuttgart.wordcamp.org\/files\/2019\/08\/wordcamp-stgt-bagde-ichbindabei72.png\" alt=\"WordCamp Stuttgart Badge mit dem Text: Ich bin dabei\" data-id=\"1506\" data-link=\"https:\/\/2019.stuttgart.wordcamp.org\/?attachment_id=1506\" class=\"wp-image-1506\" srcset=\"https:\/\/stuttgart.wordcamp.org\/2019\/files\/2019\/08\/wordcamp-stgt-bagde-ichbindabei72.png 750w, https:\/\/stuttgart.wordcamp.org\/2019\/files\/2019\/08\/wordcamp-stgt-bagde-ichbindabei72-150x150.png 150w, https:\/\/stuttgart.wordcamp.org\/2019\/files\/2019\/08\/wordcamp-stgt-bagde-ichbindabei72-300x300.png 300w\" sizes=\"auto, (max-width: 750px) 100vw, 750px\" \/><\/a><\/figure><\/li><li class=\"blocks-gallery-item\"><figure><a href=\"https:\/\/2019.stuttgart.wordcamp.org\/files\/2019\/08\/wordcamp-stgt-bagde-iamattending72.png\"><img loading=\"lazy\" decoding=\"async\" width=\"750\" height=\"750\" src=\"https:\/\/2019.stuttgart.wordcamp.org\/files\/2019\/08\/wordcamp-stgt-bagde-iamattending72.png\" alt=\"WordCamp Stuttgart Badge with the text: I am attending\" data-id=\"1503\" data-link=\"https:\/\/2019.stuttgart.wordcamp.org\/?attachment_id=1503\" class=\"wp-image-1503\" srcset=\"https:\/\/stuttgart.wordcamp.org\/2019\/files\/2019\/08\/wordcamp-stgt-bagde-iamattending72.png 750w, https:\/\/stuttgart.wordcamp.org\/2019\/files\/2019\/08\/wordcamp-stgt-bagde-iamattending72-150x150.png 150w, https:\/\/stuttgart.wordcamp.org\/2019\/files\/2019\/08\/wordcamp-stgt-bagde-iamattending72-300x300.png 300w\" sizes=\"auto, (max-width: 750px) 100vw, 750px\" \/><\/a><\/figure><\/li><li class=\"blocks-gallery-item\"><figure><a href=\"https:\/\/2019.stuttgart.wordcamp.org\/files\/2019\/08\/wordcamp-stgt-bagde-ichhelfemit72.png\"><img loading=\"lazy\" decoding=\"async\" width=\"750\" height=\"750\" src=\"https:\/\/2019.stuttgart.wordcamp.org\/files\/2019\/08\/wordcamp-stgt-bagde-ichhelfemit72.png\" alt=\"WordCamp Stuttgart Badge mit dem Text: Ich helfe mit\" data-id=\"1507\" data-link=\"https:\/\/2019.stuttgart.wordcamp.org\/?attachment_id=1507\" class=\"wp-image-1507\" srcset=\"https:\/\/stuttgart.wordcamp.org\/2019\/files\/2019\/08\/wordcamp-stgt-bagde-ichhelfemit72.png 750w, https:\/\/stuttgart.wordcamp.org\/2019\/files\/2019\/08\/wordcamp-stgt-bagde-ichhelfemit72-150x150.png 150w, https:\/\/stuttgart.wordcamp.org\/2019\/files\/2019\/08\/wordcamp-stgt-bagde-ichhelfemit72-300x300.png 300w\" sizes=\"auto, (max-width: 750px) 100vw, 750px\" \/><\/a><\/figure><\/li><li class=\"blocks-gallery-item\"><figure><a href=\"https:\/\/2019.stuttgart.wordcamp.org\/files\/2019\/08\/wordcamp-stgt-bagde-iamvolunteering72.png\"><img loading=\"lazy\" decoding=\"async\" width=\"750\" height=\"750\" src=\"https:\/\/2019.stuttgart.wordcamp.org\/files\/2019\/08\/wordcamp-stgt-bagde-iamvolunteering72.png\" alt=\"WordCamp Stuttgart Badge with the text: I am volunteering\" data-id=\"1505\" data-link=\"https:\/\/2019.stuttgart.wordcamp.org\/?attachment_id=1505\" class=\"wp-image-1505\" srcset=\"https:\/\/stuttgart.wordcamp.org\/2019\/files\/2019\/08\/wordcamp-stgt-bagde-iamvolunteering72.png 750w, https:\/\/stuttgart.wordcamp.org\/2019\/files\/2019\/08\/wordcamp-stgt-bagde-iamvolunteering72-150x150.png 150w, https:\/\/stuttgart.wordcamp.org\/2019\/files\/2019\/08\/wordcamp-stgt-bagde-iamvolunteering72-300x300.png 300w\" sizes=\"auto, (max-width: 750px) 100vw, 750px\" \/><\/a><\/figure><\/li><li class=\"blocks-gallery-item\"><figure><a href=\"https:\/\/2019.stuttgart.wordcamp.org\/files\/2019\/08\/wordcamp-stgt-bagde-ichsponsore72.png\"><img loading=\"lazy\" decoding=\"async\" width=\"750\" height=\"750\" src=\"https:\/\/2019.stuttgart.wordcamp.org\/files\/2019\/08\/wordcamp-stgt-bagde-ichsponsore72.png\" alt=\"WordCamp Stuttgart Badge mit dem Text: Ich sponsore\" data-id=\"1508\" data-link=\"https:\/\/2019.stuttgart.wordcamp.org\/?attachment_id=1508\" class=\"wp-image-1508\" srcset=\"https:\/\/stuttgart.wordcamp.org\/2019\/files\/2019\/08\/wordcamp-stgt-bagde-ichsponsore72.png 750w, https:\/\/stuttgart.wordcamp.org\/2019\/files\/2019\/08\/wordcamp-stgt-bagde-ichsponsore72-150x150.png 150w, https:\/\/stuttgart.wordcamp.org\/2019\/files\/2019\/08\/wordcamp-stgt-bagde-ichsponsore72-300x300.png 300w\" sizes=\"auto, (max-width: 750px) 100vw, 750px\" \/><\/a><\/figure><\/li><li class=\"blocks-gallery-item\"><figure><a href=\"https:\/\/2019.stuttgart.wordcamp.org\/files\/2019\/08\/wordcamp-stgt-bagde-iamsponsoring72.png\"><img loading=\"lazy\" decoding=\"async\" width=\"750\" height=\"750\" src=\"https:\/\/2019.stuttgart.wordcamp.org\/files\/2019\/08\/wordcamp-stgt-bagde-iamsponsoring72.png\" alt=\"WordCamp Stuttgart Badge with the text: I am sponsoring\" data-id=\"1504\" data-link=\"https:\/\/2019.stuttgart.wordcamp.org\/?attachment_id=1504\" class=\"wp-image-1504\" srcset=\"https:\/\/stuttgart.wordcamp.org\/2019\/files\/2019\/08\/wordcamp-stgt-bagde-iamsponsoring72.png 750w, https:\/\/stuttgart.wordcamp.org\/2019\/files\/2019\/08\/wordcamp-stgt-bagde-iamsponsoring72-150x150.png 150w, https:\/\/stuttgart.wordcamp.org\/2019\/files\/2019\/08\/wordcamp-stgt-bagde-iamsponsoring72-300x300.png 300w\" sizes=\"auto, (max-width: 750px) 100vw, 750px\" \/><\/a><\/figure><\/li><li class=\"blocks-gallery-item\"><figure><a href=\"https:\/\/2019.stuttgart.wordcamp.org\/files\/2019\/08\/wordcamp-stgt-bagde-wirsponsorn72.png\"><img loading=\"lazy\" decoding=\"async\" width=\"750\" height=\"750\" src=\"https:\/\/2019.stuttgart.wordcamp.org\/files\/2019\/08\/wordcamp-stgt-bagde-wirsponsorn72.png\" alt=\"WordCamp Stuttgart Badge mit dem Text: WIr sponsorn\" data-id=\"1510\" data-link=\"https:\/\/2019.stuttgart.wordcamp.org\/?attachment_id=1510\" class=\"wp-image-1510\" srcset=\"https:\/\/stuttgart.wordcamp.org\/2019\/files\/2019\/08\/wordcamp-stgt-bagde-wirsponsorn72.png 750w, https:\/\/stuttgart.wordcamp.org\/2019\/files\/2019\/08\/wordcamp-stgt-bagde-wirsponsorn72-150x150.png 150w, https:\/\/stuttgart.wordcamp.org\/2019\/files\/2019\/08\/wordcamp-stgt-bagde-wirsponsorn72-300x300.png 300w\" sizes=\"auto, (max-width: 750px) 100vw, 750px\" \/><\/a><\/figure><\/li><li class=\"blocks-gallery-item\"><figure><a href=\"https:\/\/2019.stuttgart.wordcamp.org\/files\/2019\/08\/wordcamp-stgt-bagde-wearesponsoring72.png\"><img loading=\"lazy\" decoding=\"async\" width=\"750\" height=\"750\" src=\"https:\/\/2019.stuttgart.wordcamp.org\/files\/2019\/08\/wordcamp-stgt-bagde-wearesponsoring72.png\" alt=\"WordCamp Stuttgart Badge with the text: We are sponsoring\" data-id=\"1509\" data-link=\"https:\/\/2019.stuttgart.wordcamp.org\/?attachment_id=1509\" class=\"wp-image-1509\" srcset=\"https:\/\/stuttgart.wordcamp.org\/2019\/files\/2019\/08\/wordcamp-stgt-bagde-wearesponsoring72.png 750w, https:\/\/stuttgart.wordcamp.org\/2019\/files\/2019\/08\/wordcamp-stgt-bagde-wearesponsoring72-150x150.png 150w, https:\/\/stuttgart.wordcamp.org\/2019\/files\/2019\/08\/wordcamp-stgt-bagde-wearesponsoring72-300x300.png 300w\" sizes=\"auto, (max-width: 750px) 100vw, 750px\" \/><\/a><\/figure><\/li><\/ul>\n","protected":false},"excerpt":{"rendered":"<p>Bis November ist es noch etwas Zeit, doch du kannst es kaum erwarten und m\u00f6chtest deine Vorfreude teilen?&nbsp;Mithilfe&nbsp;unserer&nbsp;Badges&nbsp;kannst du das gerne auf deiner Website oder in den sozialen Netzwerken tun! Klicke bzw. tappe auf das&nbsp;Badge, das dir gef\u00e4llt und speichere es f\u00fcr dich als PNG ab. Lade es dann einfach an den gew\u00fcnschten Ort hoch. &hellip; <a href=\"https:\/\/stuttgart.wordcamp.org\/2019\/badges\/\" class=\"more-link\"><span class=\"screen-reader-text\">\u201eBadges\u201c <\/span>weiterlesen<\/a><\/p>\n","protected":false},"author":14927560,"featured_media":0,"parent":0,"menu_order":0,"comment_status":"closed","ping_status":"closed","template":"","meta":{"jetpack_post_was_ever_published":false,"footnotes":""},"class_list":["post-1502","page","type-page","status-publish","hentry"],"jetpack_sharing_enabled":true,"_links":{"self":[{"href":"https:\/\/stuttgart.wordcamp.org\/2019\/wp-json\/wp\/v2\/pages\/1502","targetHints":{"allow":["GET"]}}],"collection":[{"href":"https:\/\/stuttgart.wordcamp.org\/2019\/wp-json\/wp\/v2\/pages"}],"about":[{"href":"https:\/\/stuttgart.wordcamp.org\/2019\/wp-json\/wp\/v2\/types\/page"}],"author":[{"embeddable":true,"href":"https:\/\/stuttgart.wordcamp.org\/2019\/wp-json\/wp\/v2\/users\/14927560"}],"replies":[{"embeddable":true,"href":"https:\/\/stuttgart.wordcamp.org\/2019\/wp-json\/wp\/v2\/comments?post=1502"}],"version-history":[{"count":11,"href":"https:\/\/stuttgart.wordcamp.org\/2019\/wp-json\/wp\/v2\/pages\/1502\/revisions"}],"predecessor-version":[{"id":1523,"href":"https:\/\/stuttgart.wordcamp.org\/2019\/wp-json\/wp\/v2\/pages\/1502\/revisions\/1523"}],"wp:attachment":[{"href":"https:\/\/stuttgart.wordcamp.org\/2019\/wp-json\/wp\/v2\/media?parent=1502"}],"curies":[{"name":"wp","href":"https:\/\/api.w.org\/{rel}","templated":true}]}}