{"id":562,"date":"2019-06-22T16:44:26","date_gmt":"2019-06-22T14:44:26","guid":{"rendered":"https:\/\/2019.stuttgart.wordcamp.org\/?page_id=562"},"modified":"2019-11-10T22:09:15","modified_gmt":"2019-11-10T21:09:15","slug":"das-wordcamp-2019-in-stuttgart","status":"publish","type":"page","link":"https:\/\/stuttgart.wordcamp.org\/2019\/","title":{"rendered":"WordCamp Stuttgart 2019"},"content":{"rendered":"\n<p class=\"wp-block-paragraph\">WordCamp Stuttgart \u2013 das bedeutet ganz viel Input rund um das Thema WordPress von und f\u00fcr WordPress-Nutzerinnen und -Nutzer. Vom 8. bis 10. November kannst du dir verschiedene Vortr\u00e4ge zu WordPress und dem WordPress-\u00d6kosystem anh\u00f6ren und interessante Menschen kennenlernen.<\/p>\n\n\n\n<p class=\"wp-block-paragraph\">Ob du neu im Umgang mit WordPress bist, schon seit Jahren damit arbeitest, es professionell oder privat nutzt, spielt keine Rolle, alle sind willkommen!<\/p>\n\n\n\n<p class=\"en wp-block-paragraph\">WordCamp Stuttgart &#8211; that means a lot of input around the topic WordPress from and for WordPress users. From November 8th to 10th you can experience a variety of lectures on WordPress and the WordPress ecosystem and get to know interesting people.<\/p>\n\n\n\n<p class=\"en wp-block-paragraph\">Whether you are new to WordPress, have worked with it for years, use it professionally or privately, it doesn&#8217;t matter, everyone is welcome!<\/p>\n\n\n\n<figure class=\"wp-block-image alignwide\"><a href=\"https:\/\/2019.stuttgart.wordcamp.org\/location\/\"><img loading=\"lazy\" decoding=\"async\" width=\"1920\" height=\"1080\" src=\"https:\/\/2019.stuttgart.wordcamp.org\/files\/2019\/10\/schloss-uni-hohenheim-park-herbst.jpg\" alt=\"Find out more about the Location of the WordCamp\" class=\"wp-image-1782\" srcset=\"https:\/\/stuttgart.wordcamp.org\/2019\/files\/2019\/10\/schloss-uni-hohenheim-park-herbst.jpg 1920w, https:\/\/stuttgart.wordcamp.org\/2019\/files\/2019\/10\/schloss-uni-hohenheim-park-herbst-300x169.jpg 300w, https:\/\/stuttgart.wordcamp.org\/2019\/files\/2019\/10\/schloss-uni-hohenheim-park-herbst-768x432.jpg 768w, https:\/\/stuttgart.wordcamp.org\/2019\/files\/2019\/10\/schloss-uni-hohenheim-park-herbst-1024x576.jpg 1024w, https:\/\/stuttgart.wordcamp.org\/2019\/files\/2019\/10\/schloss-uni-hohenheim-park-herbst-500x281.jpg 500w\" sizes=\"auto, (max-width: 1920px) 100vw, 1920px\" \/><\/a><\/figure>\n\n\n\n<h2 class=\"wp-block-heading\">Das Programm in aller K\u00fcrze<\/h2>\n\n\n\n<p class=\"wp-block-paragraph\">Das dreit\u00e4gige WordCamp setzt sich aus zwei Teilen zusammen. Dem Contributor Day am Freitag, den 8. November und zwei Tagen Vortragsprogramm am 9. und 10. November mit deutsch- und englischsprachigen Vortr\u00e4gen.<\/p>\n\n\n\n<p class=\"wp-block-paragraph\">Der <a href=\"https:\/\/2019.stuttgart.wordcamp.org\/2019\/was-ist-ein-contributor-day-what-is-a-contributor-day\/\">Contributor Day<\/a> steht ganz im Zeichen der Mitarbeit \u2013 alle Anwesenden k\u00f6nnen dort angeleitet am WordPress-Projekt mitarbeiten, egal ob in der Programmierung, im Marketing oder als Freiwillige in Support oder \u00dcbersetzung.<\/p>\n\n\n\n<p class=\"wp-block-paragraph\">Es wird bald mehr Details zum <a href=\"https:\/\/2019.stuttgart.wordcamp.org\/schedule\/\">Programmablauf<\/a>, zu den Vortr\u00e4gen und vor allem zum Essen geben.<\/p>\n\n\n\n<h2 class=\"en wp-block-heading\">The schedule in a nutshell<\/h2>\n\n\n\n<p class=\"en wp-block-paragraph\">The three days WordCamp consist of two parts. The <a href=\"https:\/\/2019.stuttgart.wordcamp.org\/2019\/was-ist-ein-contributor-day-what-is-a-contributor-day\/\">Contributor Day<\/a> on Friday, 8th November. and two days lecture program on 9th and 10th November with <a href=\"https:\/\/2019.stuttgart.wordcamp.org\/schedule\/\">sessions<\/a> held in German and English.<\/p>\n\n\n\n<p class=\"en wp-block-paragraph\">The Contributor Day is all about collaboration \u2013 everyone present can work on the WordPress project under guidance, whether in programming, marketing or as a volunteer in support or translation.<\/p>\n\n\n\n<p class=\"en wp-block-paragraph\">We will go into detail about the program, lectures and especially the food soon.<\/p>\n\n\n\n<figure class=\"wp-block-image alignwide\"><a href=\"\/location\/\"><img loading=\"lazy\" decoding=\"async\" width=\"1848\" height=\"1040\" src=\"https:\/\/2019.stuttgart.wordcamp.org\/files\/2019\/10\/schloss-hohenheim-decke-saal-2.jpg\" alt=\"Find out more about the Location of the WordCamp\" class=\"wp-image-1817\" srcset=\"https:\/\/stuttgart.wordcamp.org\/2019\/files\/2019\/10\/schloss-hohenheim-decke-saal-2.jpg 1848w, https:\/\/stuttgart.wordcamp.org\/2019\/files\/2019\/10\/schloss-hohenheim-decke-saal-2-300x169.jpg 300w, https:\/\/stuttgart.wordcamp.org\/2019\/files\/2019\/10\/schloss-hohenheim-decke-saal-2-768x432.jpg 768w, https:\/\/stuttgart.wordcamp.org\/2019\/files\/2019\/10\/schloss-hohenheim-decke-saal-2-1024x576.jpg 1024w, https:\/\/stuttgart.wordcamp.org\/2019\/files\/2019\/10\/schloss-hohenheim-decke-saal-2-500x281.jpg 500w\" sizes=\"auto, (max-width: 1848px) 100vw, 1848px\" \/><\/a><\/figure>\n\n\n\n<h2 class=\"wp-block-heading\">Ein Schloss als Veranstaltungsort<\/h2>\n\n\n\n<p class=\"wp-block-paragraph\">In nobler Kulisse, im <a href=\"https:\/\/2019.stuttgart.wordcamp.org\/location\/\">Schloss der Uni Hohenheim<\/a>, k\u00f6nnen interessante Diskussionen und kreative Gespr\u00e4che stattfinden. Hohenheim liegt ein St\u00fcck au\u00dferhalb der Innenstadt und ist dennoch mit den \u00f6ffentlichen Verkehrsmitteln vom Hauptbahnhof und dem Flughafen aus problemlos und schnell erreichbar.<\/p>\n\n\n\n<h2 class=\"en wp-block-heading\">Our venue is a palace<\/h2>\n\n\n\n<p class=\"en wp-block-paragraph\">Interesting discussions and creative conversations can take place in the noble setting at the <a href=\"https:\/\/2019.stuttgart.wordcamp.org\/location\/\">Hohenheim Palace<\/a>. Hohenheim is a bit outside the city centre, but can still be easily and quickly reached by public transport from the main railway station and the airport.<\/p>\n","protected":false},"excerpt":{"rendered":"<p>WordCamp Stuttgart \u2013 das bedeutet ganz viel Input rund um das Thema WordPress von und f\u00fcr WordPress-Nutzerinnen und -Nutzer. Vom 8. bis 10. November kannst du dir verschiedene Vortr\u00e4ge zu WordPress und dem WordPress-\u00d6kosystem anh\u00f6ren und interessante Menschen kennenlernen. Ob du neu im Umgang mit WordPress bist, schon seit Jahren damit arbeitest, es professionell oder &hellip; <a href=\"https:\/\/stuttgart.wordcamp.org\/2019\/\" class=\"more-link\"><span class=\"screen-reader-text\">\u201eWordCamp Stuttgart 2019\u201c <\/span>weiterlesen<\/a><\/p>\n","protected":false},"author":8200561,"featured_media":0,"parent":0,"menu_order":0,"comment_status":"closed","ping_status":"closed","template":"","meta":{"_crdt_document":"","jetpack_post_was_ever_published":false,"footnotes":""},"class_list":["post-562","page","type-page","status-publish","hentry"],"jetpack_sharing_enabled":true,"_links":{"self":[{"href":"https:\/\/stuttgart.wordcamp.org\/2019\/wp-json\/wp\/v2\/pages\/562","targetHints":{"allow":["GET"]}}],"collection":[{"href":"https:\/\/stuttgart.wordcamp.org\/2019\/wp-json\/wp\/v2\/pages"}],"about":[{"href":"https:\/\/stuttgart.wordcamp.org\/2019\/wp-json\/wp\/v2\/types\/page"}],"author":[{"embeddable":true,"href":"https:\/\/stuttgart.wordcamp.org\/2019\/wp-json\/wp\/v2\/users\/8200561"}],"replies":[{"embeddable":true,"href":"https:\/\/stuttgart.wordcamp.org\/2019\/wp-json\/wp\/v2\/comments?post=562"}],"version-history":[{"count":45,"href":"https:\/\/stuttgart.wordcamp.org\/2019\/wp-json\/wp\/v2\/pages\/562\/revisions"}],"predecessor-version":[{"id":2703,"href":"https:\/\/stuttgart.wordcamp.org\/2019\/wp-json\/wp\/v2\/pages\/562\/revisions\/2703"}],"wp:attachment":[{"href":"https:\/\/stuttgart.wordcamp.org\/2019\/wp-json\/wp\/v2\/media?parent=562"}],"curies":[{"name":"wp","href":"https:\/\/api.w.org\/{rel}","templated":true}]}}

<p class="wp-block-paragraph">WordCamp Stuttgart – das bedeutet ganz viel Input rund um das Thema WordPress von und für WordPress-Nutzerinnen und -Nutzer. Vom 8. bis 10. November kannst du dir verschiedene Vorträge zu WordPress und dem WordPress-Ökosystem anhören und interessante Menschen kennenlernen.</p>



<p class="wp-block-paragraph">Ob du neu im Umgang mit WordPress bist, schon seit Jahren damit arbeitest, es professionell oder privat nutzt, spielt keine Rolle, alle sind willkommen!</p>



<p class="en wp-block-paragraph">WordCamp Stuttgart &#8211; that means a lot of input around the topic WordPress from and for WordPress users. From November 8th to 10th you can experience a variety of lectures on WordPress and the WordPress ecosystem and get to know interesting people.</p>



<p class="en wp-block-paragraph">Whether you are new to WordPress, have worked with it for years, use it professionally or privately, it doesn&#8217;t matter, everyone is welcome!</p>



<figure class="wp-block-image alignwide"><a href="https://2019.stuttgart.wordcamp.org/location/"><img loading="lazy" decoding="async" width="1920" height="1080" src="https://2019.stuttgart.wordcamp.org/files/2019/10/schloss-uni-hohenheim-park-herbst.jpg" alt="Find out more about the Location of the WordCamp" class="wp-image-1782" srcset="https://stuttgart.wordcamp.org/2019/files/2019/10/schloss-uni-hohenheim-park-herbst.jpg 1920w, https://stuttgart.wordcamp.org/2019/files/2019/10/schloss-uni-hohenheim-park-herbst-300x169.jpg 300w, https://stuttgart.wordcamp.org/2019/files/2019/10/schloss-uni-hohenheim-park-herbst-768x432.jpg 768w, https://stuttgart.wordcamp.org/2019/files/2019/10/schloss-uni-hohenheim-park-herbst-1024x576.jpg 1024w, https://stuttgart.wordcamp.org/2019/files/2019/10/schloss-uni-hohenheim-park-herbst-500x281.jpg 500w" sizes="auto, (max-width: 1920px) 100vw, 1920px" /></a></figure>



<h2 class="wp-block-heading">Das Programm in aller Kürze</h2>



<p class="wp-block-paragraph">Das dreitägige WordCamp setzt sich aus zwei Teilen zusammen. Dem Contributor Day am Freitag, den 8. November und zwei Tagen Vortragsprogramm am 9. und 10. November mit deutsch- und englischsprachigen Vorträgen.</p>



<p class="wp-block-paragraph">Der <a href="https://2019.stuttgart.wordcamp.org/2019/was-ist-ein-contributor-day-what-is-a-contributor-day/">Contributor Day</a> steht ganz im Zeichen der Mitarbeit – alle Anwesenden können dort angeleitet am WordPress-Projekt mitarbeiten, egal ob in der Programmierung, im Marketing oder als Freiwillige in Support oder Übersetzung.</p>



<p class="wp-block-paragraph">Es wird bald mehr Details zum <a href="https://2019.stuttgart.wordcamp.org/schedule/">Programmablauf</a>, zu den Vorträgen und vor allem zum Essen geben.</p>



<h2 class="en wp-block-heading">The schedule in a nutshell</h2>



<p class="en wp-block-paragraph">The three days WordCamp consist of two parts. The <a href="https://2019.stuttgart.wordcamp.org/2019/was-ist-ein-contributor-day-what-is-a-contributor-day/">Contributor Day</a> on Friday, 8th November. and two days lecture program on 9th and 10th November with <a href="https://2019.stuttgart.wordcamp.org/schedule/">sessions</a> held in German and English.</p>



<p class="en wp-block-paragraph">The Contributor Day is all about collaboration – everyone present can work on the WordPress project under guidance, whether in programming, marketing or as a volunteer in support or translation.</p>



<p class="en wp-block-paragraph">We will go into detail about the program, lectures and especially the food soon.</p>



<figure class="wp-block-image alignwide"><a href="/location/"><img loading="lazy" decoding="async" width="1848" height="1040" src="https://2019.stuttgart.wordcamp.org/files/2019/10/schloss-hohenheim-decke-saal-2.jpg" alt="Find out more about the Location of the WordCamp" class="wp-image-1817" srcset="https://stuttgart.wordcamp.org/2019/files/2019/10/schloss-hohenheim-decke-saal-2.jpg 1848w, https://stuttgart.wordcamp.org/2019/files/2019/10/schloss-hohenheim-decke-saal-2-300x169.jpg 300w, https://stuttgart.wordcamp.org/2019/files/2019/10/schloss-hohenheim-decke-saal-2-768x432.jpg 768w, https://stuttgart.wordcamp.org/2019/files/2019/10/schloss-hohenheim-decke-saal-2-1024x576.jpg 1024w, https://stuttgart.wordcamp.org/2019/files/2019/10/schloss-hohenheim-decke-saal-2-500x281.jpg 500w" sizes="auto, (max-width: 1848px) 100vw, 1848px" /></a></figure>



<h2 class="wp-block-heading">Ein Schloss als Veranstaltungsort</h2>



<p class="wp-block-paragraph">In nobler Kulisse, im <a href="https://2019.stuttgart.wordcamp.org/location/">Schloss der Uni Hohenheim</a>, können interessante Diskussionen und kreative Gespräche stattfinden. Hohenheim liegt ein Stück außerhalb der Innenstadt und ist dennoch mit den öffentlichen Verkehrsmitteln vom Hauptbahnhof und dem Flughafen aus problemlos und schnell erreichbar.</p>



<h2 class="en wp-block-heading">Our venue is a palace</h2>



<p class="en wp-block-paragraph">Interesting discussions and creative conversations can take place in the noble setting at the <a href="https://2019.stuttgart.wordcamp.org/location/">Hohenheim Palace</a>. Hohenheim is a bit outside the city centre, but can still be easily and quickly reached by public transport from the main railway station and the airport.</p>

<p>WordCamp Stuttgart – das bedeutet ganz viel Input rund um das Thema WordPress von und für WordPress-Nutzerinnen und -Nutzer. Vom 8. bis 10. November kannst du dir verschiedene Vorträge zu WordPress und dem WordPress-Ökosystem anhören und interessante Menschen kennenlernen. Ob du neu im Umgang mit WordPress bist, schon seit Jahren damit arbeitest, es professionell oder &hellip; <a href="https://stuttgart.wordcamp.org/2019/" class="more-link"><span class="screen-reader-text">„WordCamp Stuttgart 2019“ </span>weiterlesen</a></p>
